{"id":9,"date":"2017-04-26T11:58:24","date_gmt":"2017-04-26T09:58:24","guid":{"rendered":"https:\/\/www.historischer-verein-niedersachsen.de\/?page_id=9"},"modified":"2026-03-27T17:48:58","modified_gmt":"2026-03-27T16:48:58","slug":"mitgliedschaft","status":"publish","type":"page","link":"https:\/\/www.historischer-verein-niedersachsen.de\/index.php\/mitgliedschaft\/","title":{"rendered":"Mitgliedschaft"},"content":{"rendered":"<p>Jede Person, die die Ziele des Vereins unterst\u00fctzen will, kann als Mitglied aufgenommen werden. Die Aufnahme wird beim Vorsitzenden oder bei der Gesch\u00e4ftsstelle beantragt.<\/p>\n<p>Das Nieders\u00e4chsische Jahrbuch f\u00fcr Landesgeschichte und die Hannoverschen Geschichtsbl\u00e4tter gehen unseren Mitgliedern kostenlos als Vereinsgaben zu. F\u00fcr die \u00fcbrigen Ver\u00f6ffentlichungen des Vereins erhalten die Mitglieder einen Preisnachlass von 30% auf den Ladenpreis. Eine Liste aller bisher erschienenen Publikationen des Vereins ist \u00fcber das Men\u00fc Publikationen abrufbar. \u00c4ltere Jahrg\u00e4nge der Hannoverschen Geschichtsbl\u00e4tter, des Nieders\u00e4chsischen Jahrbuches f\u00fcr Landesgeschichte sowie \u00e4ltere B\u00e4nde der Quellen und Darstellungen zur Geschichte Niedersachsens sind gegebenenfalls noch im Antiquariatsbuchhandel erh\u00e4ltlich. Auch das Stadtarchiv Hannover verf\u00fcgt noch \u00fcber \u00e4ltere Jahrg\u00e4nge der Hannoverschen Geschichtsbl\u00e4tter.<\/p>\n<p>An Exkursionen des Vereins k\u00f6nnen Mitglieder verg\u00fcnstigt teilnehmen.<\/p>\n<p>Der Besuch unserer Vortragsabende ist kostenfrei.<\/p>\n<p>Der Mitgliedsbeitrag betr\u00e4gt 32,- \u20ac j\u00e4hrlich. Sch\u00fclern, Studenten und Auszubildenden wird ein Beitragsnachlass auf die Dauer von 5 Jahren gew\u00e4hrt. Interessenten, die dem genannten Personenkreis angeh\u00f6ren und den reduzierten Beitrag von 16,- \u20ac zahlen wollen, werden gebeten, dies unter Beif\u00fcgung einer entsprechenden Bescheinigung der Schule, Universit\u00e4t oder Ausbildungsst\u00e4tte mitzuteilen.<\/p>\n<p>Das Gesch\u00e4ftsjahr ist das Kalenderjahr.<\/p>\n<p>K\u00f6rperschaften wird empfohlen, anstelle der Mitgliedschaft ein Patronat zu erwerben. Patrone zahlen einen Jahresbeitrag, dessen H\u00f6he in ihr Belieben gestellt ist, der aber nach der Satzung mindestens das F\u00fcnffache des Beitrags eines ordentlichen Mitglieds betragen muss. Sie erhalten daf\u00fcr au\u00dfer dem Jahrbuch und den Geschichtsbl\u00e4ttern auch alle anderen in der Zeit ihrer Mitgliedschaft erscheinenden Ver\u00f6ffentlichungen des Vereins ohne Entgelt.<\/p>\n<p>Gem\u00e4\u00df Freistellungsbescheid des Finanzamts Hannover-Nord vom 06.11.2025 &#8211; Steuernummer 25\/206\/39282 &#8211; f\u00fcr die Jahre 2022 bis 2024 sind die Mitgliedsbeitr\u00e4ge nach \u00a7 10 b Einkommensteuergesetz (EStG) und \u00a7 9 K\u00f6rperschaftssteuergesetz (KStG) steuerlich wie Spenden abziehbar.<\/p>\n<p>&nbsp;<\/p>\n<p><a href=\"https:\/\/www.historischer-verein-niedersachsen.de\/wp-content\/uploads\/2025\/09\/Beitrittsformular_HVN_EB.pdf\" target=\"_blank\" rel=\"noopener noreferrer\">&gt;&gt; Beitrittsformular<\/a><\/p>\n<p><a href=\"https:\/\/www.historischer-verein-niedersachsen.de\/wp-content\/uploads\/2026\/03\/SEPA-Formular_EvBank.pdf\" target=\"_blank\" rel=\"noopener noreferrer\">&gt;&gt; Lastschrifteinzugsformular<\/a><\/p>\n<p><a href=\"https:\/\/www.historischer-verein-niedersachsen.de\/wp-content\/uploads\/2024\/05\/Satzung_HV_1996_Web.pdf\" target=\"_blank\" rel=\"noopener noreferrer\">&gt;&gt; Vereinssatzung<\/a><\/p>\n","protected":false},"excerpt":{"rendered":"<p>Jede Person, die die Ziele des Vereins unterst\u00fctzen will, kann als Mitglied aufgenommen werden. Die Aufnahme wird beim Vorsitzenden oder bei der Gesch\u00e4ftsstelle beantragt. Das Nieders\u00e4chsische Jahrbuch f\u00fcr Landesgeschichte und &#8230;<\/p>\n","protected":false},"author":1,"featured_media":0,"parent":0,"menu_order":0,"comment_status":"closed","ping_status":"closed","template":"","meta":{"_crdt_document":"","footnotes":""},"class_list":["post-9","page","type-page","status-publish","hentry"],"_links":{"self":[{"href":"https:\/\/www.historischer-verein-niedersachsen.de\/index.php\/wp-json\/wp\/v2\/pages\/9","targetHints":{"allow":["GET"]}}],"collection":[{"href":"https:\/\/www.historischer-verein-niedersachsen.de\/index.php\/wp-json\/wp\/v2\/pages"}],"about":[{"href":"https:\/\/www.historischer-verein-niedersachsen.de\/index.php\/wp-json\/wp\/v2\/types\/page"}],"author":[{"embeddable":true,"href":"https:\/\/www.historischer-verein-niedersachsen.de\/index.php\/wp-json\/wp\/v2\/users\/1"}],"replies":[{"embeddable":true,"href":"https:\/\/www.historischer-verein-niedersachsen.de\/index.php\/wp-json\/wp\/v2\/comments?post=9"}],"version-history":[{"count":23,"href":"https:\/\/www.historischer-verein-niedersachsen.de\/index.php\/wp-json\/wp\/v2\/pages\/9\/revisions"}],"predecessor-version":[{"id":1873,"href":"https:\/\/www.historischer-verein-niedersachsen.de\/index.php\/wp-json\/wp\/v2\/pages\/9\/revisions\/1873"}],"wp:attachment":[{"href":"https:\/\/www.historischer-verein-niedersachsen.de\/index.php\/wp-json\/wp\/v2\/media?parent=9"}],"curies":[{"name":"wp","href":"https:\/\/api.w.org\/{rel}","templated":true}]}}